{"id":737,"date":"2024-02-25T10:33:53","date_gmt":"2024-02-25T18:33:53","guid":{"rendered":"https:\/\/www.ccsholomouc.cz\/?page_id=737"},"modified":"2024-05-29T11:32:53","modified_gmt":"2024-05-29T09:32:53","slug":"diecezni-rada","status":"publish","type":"page","link":"https:\/\/www.ccsholomouc.cz\/?page_id=737","title":{"rendered":"Diec\u00e9zn\u00ed rada"},"content":{"rendered":"\n<style type=\"text\/css\" data-created_by=\"avia_inline_auto\" id=\"style-css-av-1sl51l-c5c89e063593a3204a68692df5089dc9\">\n.avia-section.av-1sl51l-c5c89e063593a3204a68692df5089dc9{\nbackground-repeat:no-repeat;\nbackground-image:url(https:\/\/www.ccsholomouc.cz\/wp-content\/uploads\/2024\/02\/home-scaled.jpg);\nbackground-position:50% 0%;\nbackground-attachment:fixed;\n}\n.avia-section.av-1sl51l-c5c89e063593a3204a68692df5089dc9 .av-section-color-overlay{\nopacity:0.3;\nbackground-color:#000000;\n}\n<\/style>\n<div id='av_section_1'  class='avia-section av-1sl51l-c5c89e063593a3204a68692df5089dc9 main_color avia-section-large avia-no-shadow  avia-builder-el-0  el_before_av_section  avia-builder-el-first  avia-full-stretch avia-bg-style-fixed av-section-color-overlay-active container_wrap sidebar_right'  data-section-bg-repeat='stretch'><div class=\"av-section-color-overlay-wrap\"><div class=\"av-section-color-overlay\"><\/div><div class='container av-section-cont-open' ><main  role=\"main\" itemprop=\"mainContentOfPage\"  class='template-page content  av-content-small alpha units'><div class='post-entry post-entry-type-page post-entry-737'><div class='entry-content-wrapper clearfix'>\n\n<style type=\"text\/css\" data-created_by=\"avia_inline_auto\" id=\"style-css-av-lt1ugjdq-cf7e3a081020e403f5e39bc823c0ae69\">\n#top .av-special-heading.av-lt1ugjdq-cf7e3a081020e403f5e39bc823c0ae69{\npadding-bottom:0;\ncolor:#ffffff;\nfont-size:50px;\n}\nbody .av-special-heading.av-lt1ugjdq-cf7e3a081020e403f5e39bc823c0ae69 .av-special-heading-tag .heading-char{\nfont-size:25px;\n}\n#top #wrap_all .av-special-heading.av-lt1ugjdq-cf7e3a081020e403f5e39bc823c0ae69 .av-special-heading-tag{\nfont-size:50px;\n}\n.av-special-heading.av-lt1ugjdq-cf7e3a081020e403f5e39bc823c0ae69 .special-heading-inner-border{\nborder-color:#ffffff;\n}\n.av-special-heading.av-lt1ugjdq-cf7e3a081020e403f5e39bc823c0ae69 .av-subheading{\nfont-size:15px;\n}\n\n@media only screen and (min-width: 480px) and (max-width: 767px){ \n#top #wrap_all .av-special-heading.av-lt1ugjdq-cf7e3a081020e403f5e39bc823c0ae69 .av-special-heading-tag{\nfont-size:0.8em;\n}\n}\n\n@media only screen and (max-width: 479px){ \n#top #wrap_all .av-special-heading.av-lt1ugjdq-cf7e3a081020e403f5e39bc823c0ae69 .av-special-heading-tag{\nfont-size:0.8em;\n}\n}\n<\/style>\n<div  class='av-special-heading av-lt1ugjdq-cf7e3a081020e403f5e39bc823c0ae69 av-special-heading-h3 custom-color-heading blockquote modern-quote modern-centered  avia-builder-el-1  el_before_av_hr  avia-builder-el-first  av-inherit-size'><h3 class='av-special-heading-tag'  itemprop=\"headline\"  >Diec\u00e9ze<\/h3><div class=\"special-heading-border\"><div class=\"special-heading-inner-border\"><\/div><\/div><\/div>\n\n<style type=\"text\/css\" data-created_by=\"avia_inline_auto\" id=\"style-css-av-5tkjt-bba14d551bb7c74a0dafbe0296dd4757\">\n#top .hr.av-5tkjt-bba14d551bb7c74a0dafbe0296dd4757{\nmargin-top:30px;\nmargin-bottom:30px;\n}\n.hr.av-5tkjt-bba14d551bb7c74a0dafbe0296dd4757 .hr-inner{\nwidth:20%;\nborder-color:rgba(255,255,255,0.76);\nmax-width:45%;\n}\n.hr.av-5tkjt-bba14d551bb7c74a0dafbe0296dd4757 .av-seperator-icon{\ncolor:#ffffff;\n}\n<\/style>\n<div  class='hr av-5tkjt-bba14d551bb7c74a0dafbe0296dd4757 hr-custom  avia-builder-el-2  el_after_av_heading  avia-builder-el-last  hr-center hr-icon-yes'><span class='hr-inner inner-border-av-border-thin'><span class=\"hr-inner-style\"><\/span><\/span><span class='av-seperator-icon' aria-hidden='true' data-av_icon='\ue8bf' data-av_iconfont='entypo-fontello'><\/span><span class='hr-inner inner-border-av-border-thin'><span class=\"hr-inner-style\"><\/span><\/span><\/div>\n\n<\/div><\/div><\/main><!-- close content main element --><\/div><\/div><\/div><div id='av_section_2'  class='avia-section av-1f9gix-1a69ca59be0965b48888aecbf635edfd main_color avia-section-default avia-no-border-styling  avia-builder-el-3  el_after_av_section  avia-builder-el-last  avia-bg-style-scroll container_wrap sidebar_right'  ><div class='container av-section-cont-open' ><div class='template-page content  av-content-small alpha units'><div class='post-entry post-entry-type-page post-entry-737'><div class='entry-content-wrapper clearfix'>\n<div class='flex_column_table av-19ust5-434d2e01b894d1d6c2b3ec08074acf03 sc-av_two_third av-equal-height-column-flextable'>\n<style type=\"text\/css\" data-created_by=\"avia_inline_auto\" id=\"style-css-av-19ust5-434d2e01b894d1d6c2b3ec08074acf03\">\n#top .flex_column_table.av-equal-height-column-flextable.av-19ust5-434d2e01b894d1d6c2b3ec08074acf03{\nmargin-top:-90px;\nmargin-bottom:0px;\n}\n.flex_column.av-19ust5-434d2e01b894d1d6c2b3ec08074acf03{\nborder-radius:0px 0px 0px 0px;\npadding:30px 30px 30px 30px;\nbackground-color:#ffffff;\n}\n<\/style>\n<div  class='flex_column av-19ust5-434d2e01b894d1d6c2b3ec08074acf03 av_two_third  avia-builder-el-4  el_before_av_one_third  avia-builder-el-first  first no_margin flex_column_table_cell av-equal-height-column av-align-top  '     ><p>\n<style type=\"text\/css\" data-created_by=\"avia_inline_auto\" id=\"style-css-av-lt1ugxdy-49319a59184b1543617207d82459c472\">\n#top .av-special-heading.av-lt1ugxdy-49319a59184b1543617207d82459c472{\npadding-bottom:0;\n}\nbody .av-special-heading.av-lt1ugxdy-49319a59184b1543617207d82459c472 .av-special-heading-tag .heading-char{\nfont-size:25px;\n}\n.av-special-heading.av-lt1ugxdy-49319a59184b1543617207d82459c472 .av-subheading{\nfont-size:15px;\n}\n<\/style>\n<div  id=\"pust\"  class='av-special-heading av-lt1ugxdy-49319a59184b1543617207d82459c472 av-special-heading-h3 blockquote modern-quote  avia-builder-el-5  el_before_av_textblock  avia-builder-el-first '><h3 class='av-special-heading-tag'  itemprop=\"headline\"  >Diec\u00e9zn\u00ed rada<\/h3><div class=\"special-heading-border\"><div class=\"special-heading-inner-border\"><\/div><\/div><\/div><br \/>\n<section  class='av_textblock_section av-lt1umcav-9a039bfe619c231de415d82e2850e0f9 '   itemscope=\"itemscope\" itemtype=\"https:\/\/schema.org\/CreativeWork\" ><div class='avia_textblock'  itemprop=\"text\" ><p>Mgr. Tom\u00e1\u0161 Chytil, biskup<br \/>\nIng. Ji\u0159\u00ed Roub\u00edk, Ph.D., m\u00edstop\u0159edseda<br \/>\nIng. Ing. Radek Hru\u0161ka, finan\u010dn\u00ed zpravodaj<br \/>\nJaroslav Rys, stavebn\u00ed zpravodaj<br \/>\nMgr. Jaroslav K\u0159iv\u00e1nek<br \/>\nMgr. Bc. David P\u0159ichystal<br \/>\nIvana Richterov\u00e1<br \/>\nMgr. Ladislava Svobodov\u00e1<br \/>\nBc. Hana \u0160eb\u00edkov\u00e1<\/p>\n<p>Vik\u00e1\u0159i<br \/>\nMgr. Jaroslav K\u0159iv\u00e1nek \u2013 olomouck\u00fd vikari\u00e1t (<a href=\"mailto:jarek.krivanek@email.cz\">jarek.krivanek@email.cz<\/a>, 774 145 824)<br \/>\nMgr. Vlastim\u00edr Haltof \u2013 \u0161umpersk\u00fd vikari\u00e1t\u00a0 (<a href=\"mailto:vlastimir.haltof@outlook.com\">vlastimir.haltof@outlook.com<\/a>, 776 317 759)<\/p>\n<\/div><\/section><\/p><\/div>\n<style type=\"text\/css\" data-created_by=\"avia_inline_auto\" id=\"style-css-av-e2id5-f68e1ef8ee21726d0caaf0cce713d1cf\">\n#top .flex_column_table.av-equal-height-column-flextable.av-e2id5-f68e1ef8ee21726d0caaf0cce713d1cf{\nmargin-top:-90px;\nmargin-bottom:0px;\n}\n.flex_column.av-e2id5-f68e1ef8ee21726d0caaf0cce713d1cf{\nborder-radius:0px 0px 0px 0px;\npadding:30px 30px 30px 30px;\nbackground-color:#f0f0f0;\n}\n<\/style>\n<div  class='flex_column av-e2id5-f68e1ef8ee21726d0caaf0cce713d1cf av_one_third  avia-builder-el-7  el_after_av_two_third  avia-builder-el-last  no_margin flex_column_table_cell av-equal-height-column av-align-top  '     ><div  class='avia-builder-widget-area clearfix  avia-builder-el-8  avia-builder-el-no-sibling '><div id=\"nav_menu-4\" class=\"widget clearfix widget_nav_menu\"><h3 class=\"widgettitle\">Diec\u00e9ze<\/h3><div class=\"menu-dieceze-container\"><ul id=\"menu-dieceze\" class=\"menu\"><li id=\"menu-item-765\" class=\"menu-item menu-item-type-post_type menu-item-object-page menu-item-765\"><a href=\"https:\/\/www.ccsholomouc.cz\/?page_id=718\">Historie<\/a><\/li>\n<li id=\"menu-item-764\" class=\"menu-item menu-item-type-post_type menu-item-object-page menu-item-764\"><a href=\"https:\/\/www.ccsholomouc.cz\/?page_id=737\">Diec\u00e9zn\u00ed rada<\/a><\/li>\n<li id=\"menu-item-763\" class=\"menu-item menu-item-type-post_type menu-item-object-page menu-item-763\"><a href=\"https:\/\/www.ccsholomouc.cz\/?page_id=740\">\u00da\u0159ad diec\u00e9zn\u00ed rady<\/a><\/li>\n<li id=\"menu-item-3275\" class=\"menu-item menu-item-type-post_type menu-item-object-page menu-item-3275\"><a href=\"https:\/\/www.ccsholomouc.cz\/?page_id=3269\">Diec\u00e9zn\u00ed finan\u010dn\u00ed fondy<\/a><\/li>\n<li id=\"menu-item-762\" class=\"menu-item menu-item-type-post_type menu-item-object-page menu-item-762\"><a href=\"https:\/\/www.ccsholomouc.cz\/?page_id=748\">Ke sta\u017een\u00ed<\/a><\/li>\n<\/ul><\/div><\/div><\/div><\/div><\/div><!--close column table wrapper. Autoclose: 1 --><\/div><\/div><\/div><!-- close content main div --><\/div><\/div><div id='after_section_2'  class='main_color av_default_container_wrap container_wrap sidebar_right'  ><div class='container av-section-cont-open' ><div class='template-page content  av-content-small alpha units'><div class='post-entry post-entry-type-page post-entry-737'><div class='entry-content-wrapper clearfix'>\n","protected":false},"excerpt":{"rendered":"","protected":false},"author":1,"featured_media":0,"parent":0,"menu_order":0,"comment_status":"closed","ping_status":"closed","template":"","meta":{"_price":"","_stock":"","_tribe_ticket_header":"","_tribe_default_ticket_provider":"","_tribe_ticket_capacity":"0","_ticket_start_date":"","_ticket_end_date":"","_tribe_ticket_show_description":"","_tribe_ticket_show_not_going":false,"_tribe_ticket_use_global_stock":"","_tribe_ticket_global_stock_level":"","_global_stock_mode":"","_global_stock_cap":"","_tribe_rsvp_for_event":"","_tribe_ticket_going_count":"","_tribe_ticket_not_going_count":"","_tribe_tickets_list":"[]","_tribe_ticket_has_attendee_info_fields":false,"footnotes":"","_tec_slr_enabled":"","_tec_slr_layout":""},"class_list":["post-737","page","type-page","status-publish","hentry"],"ticketed":false,"_links":{"self":[{"href":"https:\/\/www.ccsholomouc.cz\/index.php?rest_route=\/wp\/v2\/pages\/737","targetHints":{"allow":["GET"]}}],"collection":[{"href":"https:\/\/www.ccsholomouc.cz\/index.php?rest_route=\/wp\/v2\/pages"}],"about":[{"href":"https:\/\/www.ccsholomouc.cz\/index.php?rest_route=\/wp\/v2\/types\/page"}],"author":[{"embeddable":true,"href":"https:\/\/www.ccsholomouc.cz\/index.php?rest_route=\/wp\/v2\/users\/1"}],"replies":[{"embeddable":true,"href":"https:\/\/www.ccsholomouc.cz\/index.php?rest_route=%2Fwp%2Fv2%2Fcomments&post=737"}],"version-history":[{"count":6,"href":"https:\/\/www.ccsholomouc.cz\/index.php?rest_route=\/wp\/v2\/pages\/737\/revisions"}],"predecessor-version":[{"id":2530,"href":"https:\/\/www.ccsholomouc.cz\/index.php?rest_route=\/wp\/v2\/pages\/737\/revisions\/2530"}],"wp:attachment":[{"href":"https:\/\/www.ccsholomouc.cz\/index.php?rest_route=%2Fwp%2Fv2%2Fmedia&parent=737"}],"curies":[{"name":"wp","href":"https:\/\/api.w.org\/{rel}","templated":true}]}}